71 is divided by 114.
109
Calculate the remainder when 15727 is divided by 659.
570
Calculate the remainder when 37888 is divided by 29.
14
Calculate the remainder when 20238 is divided by 1495.
803
What is the remainder when 1440 is divided by 158?
18
Calculate the remainder when 107887 is divided by 1211.
108
Calculate the remainder when 751978 is divided by 21.
10
What is the remainder when 435780 is divided by 51?
36
Calculate the remainder when 288121 is divided by 71.
3
Calculate the remainder when 2810 is divided by 1392.
26
What is the remainder when 25576 is divided by 5084?
156
Calculate the remainder when 6555 is divided by 1636.
11
What is the remainder when 4790 is divided by 21?
2
Calculate the remainder when 2787 is divided by 72.
51
Calculate the remainder when 114959 is divided by 82.
77
Calculate the remainder when 24382 is divided by 271.
263
Calculate the remainder when 328378 is divided by 390.
388
What is the remainder when 5557 is divided by 346?
21
What is the remainder when 9401 is divided by 64?
57
Calculate the remainder when 267061 is divided by 98.
11
Calculate the remainder when 20601 is divided by 622.
75
Calculate the remainder when 5586 is divided by 350.
336
Calculate the remainder when 19959 is divided by 270.
249
Calculate the remainder when 20500 is divided by 1366.
10
What is the remainder when 39379 is divided by 41?
19
Calculate the remainder when 1244697 is divided by 54.
51
What is the remainder when 20150 is divided by 18?
8
What is the remainder when 465731 is divided by 116?
107
Calculate the remainder when 137760 is divided by 13.
12
Calculate the remainder when 215529 is divided by 22.
17
What is the remainder when 1634 is divided by 545?
544
What is the remainder when 2352855 is divided by 336120?
15
Calculate the remainder when 1145 is divided by 106.
85
Calculate the remainder when 3225 is divided by 1933.
1292
Calculate the remainder when 115540 is divided by 15.
10
What is the remainder when 121311 is divided by 272?
271
Calculate the remainder when 26273 is divided by 13115.
43
Calculate the remainder when 284 is divided by 35.
4
Calculate the remainder when 10042 is divided by 62.
60
What is the remainder when 9649 is divided by 47?
14
Calculate the remainder when 51768 is divided by 1129.
963
Calculate the remainder when 1652 is divided by 36.
32
What is the remainder when 20485 is divided by 426?
37
Calculate the remainder when 401785 is divided by 79.
70
What is the remainder when 1680 is divided by 278?
12
Calculate the remainder when 15404 is divided by 7308.
788
Calculate the remainder when 15493 is divided by 114.
103
What is the remainder when 136 is divided by 89?
47
Calculate the remainder when 3275 is divided by 1086.
17
Calculate the remainder when 1808 is divided by 581.
65
Calculate the remainder when 4711 is divided by 492.
283
What is the remainder when 82777 is divided by 678?
61
Calculate the remainder when 50495 is divided by 12618.
23
What is the remainder when 172191 is divided by 477?
471
What is the remainder when 971 is divided by 510?
461
Calculate the remainder when 1135 is divided by 51.
13
What is the remainder when 143485 is divided by 128?
125
What is the remainder when 38480 is divided by 2960?
0
What is the remainder when 153617 is divided by 20?
17
What is the remainder when 29771 is divided by 9923?
2
What is the remainder when 8679 is divided by 2882?
33
Calculate the remainder when 38422 is divided by 21.
13
Calculate the remainder when 7843 is divided by 70.
3
What is the remainder when 73941 is divided by 224?
21
What is the remainder when 147897 is divided by 290?
287
What is the remainder when 510 is divided by 215?
80
Calculate the remainder when 836 is divided by 486.
350
What is the remainder when 7106 is divided by 648?
626
What is the remainder when 481651 is divided by 188?
183
Calculate the remainder when 781487 is divided by 2554.
2517
Calculate the remainder when 73196 is divided by 219.
50
Calculate the remainder when 8078 is divided by 1610.
28
What is the remainder when 39417 is divided by 540?
537
What is the remainder when 299956 is divided by 857?
6
What is the remainder when 95080 is divided by 27?
13
What is the remainder when 4303 is divided by 1993?
317
Calculate the remainder when 205527 is divided by 369.
363
Calculate the remainder when 21537 is divided by 4269.
192
What is the remainder when 8112 is divided by 2590?
342
Calculate the remainder when 32371 is divided by 55.
31
Calculate the remainder when 11726 is divided by 35.
1
Calculate the remainder when 4336 is divided by 1436.
28
Calculate the remainder when 17325052 is divided by 295.
292
What is the remainder when 3417 is divided by 247?
206
Calculate the remainder when 4754 is divided by 1563.
65
What is the remainder when 3582 is divided by 271?
59
What is the remainder when 660 is divided by 242?
176
What is the remainder when 1730 is divided by 317?
145
Calculate the remainder when 128891 is divided by 27.
20
What is the remainder when 2415 is divided by 156?
75
What is the remainder when 47383 is divided by 23689?
5
What is the remainder when 230463 is divided by 419?
13
What is the remainder when 42351 is divided by 43?
39
Calculate the remainder when 1282705 is divided by 598.
593
Calculate the remainder when 1401905 is divided by 121.
120
Calculate the remainder when 29114 is divided by 2715.
1964
What is the remainder when 4538 is divided by 4525?
13
Calculate the remainder when 382766 is divided by 786.
770
Calculate the remainder when 6095 is divided by 802.
481
What is the remainder when 1971 is divided by 221?
203
What is the remainder when 1543 is divided by 104?
87
What is the remainder when 3169803 is divided by 671?
670
What is the remainder when 1126 is divided by 88?
70
Calculate the remainder when 247363 is divided by 284.
283
What is the remainder when 310 is divided by 179?
131
What is the remainder when 977 is divided by 243?
5
Calculate the remainder when 23079 is divided by 3844.
15
What is the remainder when 5319 is divided by 894?
849
What is the remainder when 889637 is divided by 26?
21
Calculate the remainder when 470023 is divided by 22.
15
What is the remainder when 44622 is divided by 51?
48
What is the remainder when 5837 is divided by 52?
13
Calculate the remainder when 1340468 is divided by 237.
233
Calculate the remainder when 3657 is divided by 3639.
18
What is the remainder when 6378 is divided by 3176?
26
Calculate the remainder when 1018254 is divided by 36.
30
What is the remainder when 14036 is divided by 825?
11
Calculate the remainder when 2932 is divided by 2931.
1
What is the remainder when 11370 is divided by 260?
190
Calculate the remainder when 7978 is divided by 3978.
22
What is the remainder when 4038 is divided by 306?
60
Calculate the remainder when 45200 is divided by 3.
2
Calculate the remainder when 2115 is divided by 20.
15
What is the remainder when 22928 is divided by 117?
113
What is the remainder when 1745 is divided by 236?
93
Calculate the remainder when 25779 is divided by 559.
65
Calculate the remainder when 94279 is divided by 194.
189
Calculate the remainder when 8176 is divided by 1901.
572
Calculate the remainder when 4959 is divided by 6.
3
Calculate the remainder when 53096 is divided by 235.
221
Calculate the remainder when 14247 is divided by 65.
12
Calculate the remainder when 613947 is divided by 13.
9
What is the remainder when 77210 is divided by 36?
26
What is the remainder when 11204 is divided by 1090?
304
Calculate the remainder when 5215 is divided by 431.
43
What is the remainder when 421179 is divided by 3?
0
Calculate the remainder when 19022 is divided by 223.
67
Calculate the remainder when 6063 is divided by 2860.
343
Calculate the remainder when 2094 is divided by 282.
120
What is the remainder when 5672 is divided by 5658?
14
Calculate the remainder when 96677 is divided by 228.
5
Calculate the remainder when 11729 is divided by 23.
22
What is the remainder when 1901 is divided by 1880?
21
What is the remainder when 71888 is divided by 3416?
152
What is the remainder when 22585 is divided by 267?
157
What is the remainder when 29597 is divided by 461?
93
What is the remainder w